 base 9, what is 212 - 8?
203
In base 5, what is 2303 + -14?
2234
In base 3, what is 1102 - 22?
1010
In base 12, what is -85 - 4?
-89
In base 2, what is 10000011 + 101?
10001000
In base 12, what is 8a3 - -7?
8aa
In base 16, what is -1674 - 5?
-1679
In base 2, what is 1000100111101 - -1?
1000100111110
In base 7, what is -54 + -14?
-101
In base 7, what is -11 - -4?
-4
In base 8, what is 4 + 3772?
3776
In base 9, what is 57 + 8?
66
In base 16, what is -422 + 8?
-41a
In base 4, what is 120100 - 11?
120023
In base 16, what is 3 - 88?
-85
In base 4, what is 33322 + -23?
33233
In base 16, what is 0 - 19?
-19
In base 7, what is 1046 - -11?
1060
In base 8, what is 101 + 2?
103
In base 3, what is 2 - -210?
212
In base 6, what is -1 - -453?
452
In base 6, what is -25 + 11?
-14
In base 9, what is 56354 + -5?
56348
In base 15, what is -2 + 84?
82
In base 10, what is -32 - 451?
-483
In base 4, what is -1 + 30203?
30202
In base 11, what is -7 - -6a7?
6a0
In base 7, what is -4 + 400?
363
In base 6, what is 1332 - -2?
1334
In base 11, what is -9 + 185?
177
In base 11, what is 0 + 202?
202
In base 11, what is 74 - 4?
70
In base 5, what is 113111 + 4?
113120
In base 9, what is 4 - 377?
-373
In base 11, what is -a66 - 5?
-a70
In base 10, what is 92 - -4?
96
In base 4, what is -1233 - 10?
-1303
In base 14, what is -5 - -81?
7a
In base 15, what is -27 - -4?
-23
In base 11, what is 13487 - 4?
13483
In base 8, what is -1377 + 14?
-1363
In base 15, what is 13 + 346?
359
In base 3, what is -112102 + 12?
-112020
In base 3, what is -1222 + -10?
-2002
In base 13, what is -4 - 15?
-19
In base 5, what is -1 - -122401?
122400
In base 10, what is 11 + -88?
-77
In base 9, what is -165 + 8?
-156
In base 2, what is 101 - -1000?
1101
In base 6, what is 4 + -120252?
-120244
In base 4, what is -12 + -311?
-323
In base 8, what is -6037 - 1?
-6040
In base 2, what is 1010000000 + -1?
1001111111
In base 10, what is 4 - -11?
15
In base 3, what is -1022 - 102?
-1201
In base 8, what is 51 + -16?
33
In base 3, what is -22101 - -1?
-22100
In base 11, what is -21a - 3?
-222
In base 2, what is -100 - 11110?
-100010
In base 2, what is 101100100 + 1101?
101110001
In base 9, what is 27 - 1?
26
In base 10, what is 3 - 651?
-648
In base 13, what is -c + 18?
9
In base 2, what is 10011000 + -10?
10010110
In base 2, what is -10001110001 - -11?
-10001101110
In base 14, what is 145 + 3?
148
In base 4, what is 30 + 11?
101
In base 16, what is c - -1?
d
In base 16, what is 2 + 19?
1b
In base 7, what is -2 - 1436?
-1441
In base 2, what is 11011 - 11001?
10
In base 12, what is -1121 - 0?
-1121
In base 4, what is 1000113 + 0?
1000113
In base 9, what is 685 - -5?
701
In base 9, what is -147 - 216?
-364
In base 3, what is -21000 + 22?
-20201
In base 14, what is 3 + 973?
976
In base 8, what is 0 + 36?
36
In base 9, what is -86 - -5?
-81
In base 9, what is 5 - -4258?
4264
In base 5, what is 1 - -321?
322
In base 4, what is -1313220 - 1?
-1313221
In base 14, what is -1245 + -2?
-1247
In base 2, what is 110000 - -101?
110101
In base 9, what is 484 - 1?
483
In base 10, what is 56 + 6?
62
In base 2, what is -1 + -1011?
-1100
In base 11, what is 45 + 267?
301
In base 11, what is -5 + a20?
a16
In base 10, what is 3 - -33?
36
In base 16, what is 6a + -63?
7
In base 5, what is 4 - -143?
202
In base 2, what is 1100100 + 10?
1100110
In base 12, what is -2 - 431?
-433
In base 13, what is 36 - 2?
34
In base 5, what is 33213 - -1?
33214
In base 9, what is -4 - -527?
523
In base 15, what is 19 - a?
e
In base 5, what is -14 - -14122?
14103
In base 2, what is 100 - -110100?
111000
In base 14, what is 8 - -2?
a
In base 16, what is -5 + -37?
-3c
In base 10, what is -21 + -38?
-59
In base 13, what is -3 + 48a?
487
In base 11, what is 3a - -6?
45
In base 3, what is 2112001 - -12?
2112020
In base 15, what is 1a8 - -6?
1ae
In base 13, what is -1a - 95?
-b2
In base 5, what is 13 - -303?
321
In base 8, what is 2 + 1471?
1473
In base 5, what is -1004 - -20?
-434
In base 5, what is -103 - -213?
110
In base 10, what is 3 - 390?
-387
In base 3, what is 2201000 + -2?
2200221
In base 16, what is -49 + -1f?
-68
In base 4, what is -11 + 123322?
123311
In base 6, what is 415 + 4?
423
In base 7, what is -1301 - -3?
-1265
In base 9, what is 2 - 1216?
-1214
In base 13, what is 4 - 6?
-2
In base 8, what is -3 - 55?
-60
In base 8, what is 1 - -43?
44
In base 5, what is -144 + -2?
-201
In base 7, what is -34503 - 0?
-34503
In base 7, what is 3 - -24?
30
In base 13, what is -5 + -38a?
-392
In base 15, what is -2d - -47?
19
In base 2, what is 101110000 - 1001?
101100111
In base 7, what is -231 + -5?
-236
In base 13, what is 14 + -918?
-904
In base 9, what is -408 - 1?
-410
In base 14, what is 14 - -28?
3c
In base 10, what is -4 + -4?
-8
In base 12, what is -67 + 3?
-64
In base 2, what is 0 + -10010110011000?
-10010110011000
In base 5, what is 111 - -112?
223
In base 2, what is -100101001 - 111?
-100110000
In base 7, what is -3 - -115?
112
In base 2, what is 100 - 110111100001?
-110111011101
In base 8, what is -4102 - 5?
-4107
In base 12, what is 5 + -49?
-44
In base 2, what is -100 - -111100?
111000
In base 7, what is 1 + 30205?
30206
In base 14, what is 4 - a?
-6
In base 14, what is -7 + 38?
31
In base 15, what is -133 + -2?
-135
In base 16, what is -155 + -2?
-157
In base 2, what is 100 - -1000100?
1001000
In base 8, what is -2107 + -32?
-2141
In base 16, what is -1d - -6?
-17
In base 14, what is -9 + 38?
2d
In base 16, what is 129 + 2?
12b
In base 8, what is -2 + -31?
-33
In base 5, what is -110 + 220?
110
In base 13, what is -1b2 + 1?
-1b1
In base 5, what is -11 + -231?
-242
In base 15, what is -11 + d7?
c6
In base 14, what is -1a9a - 5?
-1aa1
In base 6, what is -5 + 103?
54
In base 15, what is 3ee0 - 1?
3ede
In base 14, what is -4d + 99?
4a
In base 3, what is 10220002 + 12?
10220021
In base 7, what is 34 + 125?
162
In base 10, what is 3 - 1340?
-1337
In base 14, what is 8 - 7d?
-75
In base 15, what is -15 - -b?
-9
In base 5, what is 3 + -14004?
-14001
In base 16, what is 2 - 357?
-355
In base 8, what is 2 + 21?
23
In base 13, what is 97 - -1c?
b6
In base 11, what is 4 + -14?
-10
In base 9, what is 5 + -356?
-351
In base 13, what is 148 - 0?
148
In base 16, what is -2 + 5c6?
5c4
In base 15, what is -4 - eb?
-100
In base 14, what is 9 - -17?
22
In base 15, what is -858 - -1?
-857
In base 10, what is 1 + -35?
-34
In base 14, what is 9 - 13c4?
-13b9
In base 13, what is -16 + 64c?
636
In base 6, what is 0 + -23105?
-23105
In base 9, what is 3 + 226?
230
In base 3, what is 2002 - 1221?
11
In base 4, what is -20 - 1220?
-1300
In base 4, what is 1111 + -1?
1110
In base 4, what is 131 + -2023?
-1232
In base 10, what is 3 + 16?
19
In base 10, what is 4 + 1828?
1832
In base 3, what is -101220 - -11?
-101202
In base 10, what is 103 + 26?
129
In base 10, what is 150 - -1?
151
In base 13, what is 172 + 7?
179
In base 5, what is -2 + 132?
130
In base 8, what is 1 + 320?
321
In base 12, what is -22 + -81?
-a3
In base 8, what is 4 - 3?
1
In base 14, what is 5 - -17?
1c
In base 6, what is -31 - -52?
21
In base 3, what is -112011 - -10?
-112001
In base 12, what is 95a9 - -1?
95aa
In base 3, what is 211 - -220?
1201
In base 14, what is 61 - d?
52
In base 10, what is 51 + -37?
14
In base 12, what is 13 + -32?
-1b
In base 14, what is -3 + -3c?
-41
In base 5, what is 20000 + 4?
20004
In base 9, what is 54 + 3?
57
In base 15, what is 4 - -849?
84d
In base 11, what is 133 - 7?
127
In base 5, what is 104 + 11?
120
In base 16, what is -1a + -6?
-20
In base 6, what is -40 + 0?
-40
In base 12, what is 2b - -4?
33
In base 8, what is 2 - 30?
-26
In base 9, what is 443 + -2?
441
In base 15, what is 36 + -4?
32
In base 8, what is -111 + 0?
-111
In base 6, what is -22 - -11031?
11005
In base 12, what is -8 + 106?
ba
In base 3, what is 0 + -100012?
-100012
In base 16, what is -63 + 6?
-5d
In base 12, what is -41b + 4?
-417
In base 12, what is -12 - -512?
500
In base 11, what is -3 - -68a?
687
In base 5, what is -40031 - -4?
-40022
In base 15, what is 11954 - 1?
11953
In base 13, what is -8 + 1?
-7
In base 9, what is -1 + -154?
-155
In base 11, what is -12 + 161?
14a
In base 11, what is 1 + 2a5?
2a6
In base 5, what is -3 - -1341?
1333
In base 12, what is -9727 - 0?
-9727
In ba